t common factor of 10496 and 768.
256
Calculate the highest common factor of 800 and 250.
50
Calculate the highest common divisor of 12989 and 62.
31
What is the greatest common factor of 14 and 126?
14
Calculate the greatest common divisor of 549 and 9.
9
Calculate the greatest common divisor of 1175 and 94.
47
Calculate the highest common factor of 376 and 736.
8
What is the greatest common divisor of 18938 and 17?
17
Calculate the highest common divisor of 6 and 32.
2
What is the highest common factor of 161 and 7176?
23
Calculate the highest common factor of 20 and 4180.
20
Calculate the highest common factor of 256 and 64.
64
What is the greatest common factor of 34 and 262?
2
Calculate the highest common divisor of 85 and 595.
85
What is the greatest common factor of 675 and 5175?
225
What is the greatest common factor of 8 and 256?
8
What is the greatest common factor of 220 and 100?
20
Calculate the highest common divisor of 913 and 11.
11
Calculate the greatest common factor of 3726 and 1377.
81
What is the highest common factor of 416 and 512?
32
Calculate the greatest common divisor of 256 and 384.
128
What is the greatest common factor of 34922 and 38?
38
Calculate the highest common factor of 258 and 2322.
258
Calculate the highest common factor of 712 and 92.
4
Calculate the greatest common factor of 14 and 74.
2
Calculate the greatest common divisor of 65 and 26.
13
What is the highest common factor of 1056 and 72?
24
Calculate the highest common divisor of 1 and 32.
1
Calculate the highest common factor of 4 and 5.
1
What is the highest common factor of 20 and 164?
4
What is the highest common factor of 3345 and 5?
5
Calculate the greatest common factor of 280 and 520.
40
Calculate the greatest common divisor of 23 and 736.
23
Calculate the highest common divisor of 27 and 279.
9
What is the greatest common factor of 2527 and 3857?
133
What is the highest common divisor of 6 and 66?
6
Calculate the greatest common factor of 899 and 116.
29
What is the highest common factor of 8 and 1101?
1
What is the greatest common factor of 40 and 1640?
40
What is the highest common factor of 2831 and 38?
19
What is the highest common divisor of 1674 and 378?
54
Calculate the highest common divisor of 14668 and 76.
76
What is the greatest common divisor of 1472 and 704?
64
Calculate the greatest common factor of 671 and 244.
61
Calculate the greatest common factor of 112 and 12516.
28
What is the highest common factor of 96 and 36?
12
Calculate the highest common factor of 40 and 15.
5
Calculate the highest common factor of 1853 and 2507.
109
What is the highest common factor of 10 and 10?
10
What is the highest common factor of 425 and 175?
25
What is the highest common factor of 9021 and 1164?
291
What is the highest common divisor of 33 and 1375?
11
What is the greatest common factor of 21 and 651?
21
Calculate the highest common factor of 4 and 128.
4
What is the highest common factor of 40 and 695?
5
What is the greatest common factor of 170 and 23630?
170
Calculate the greatest common divisor of 290 and 60.
10
Calculate the greatest common factor of 1095 and 6351.
219
Calculate the highest common divisor of 9 and 5931.
9
What is the highest common factor of 5 and 235?
5
Calculate the greatest common divisor of 9 and 537.
3
What is the highest common divisor of 5 and 12?
1
What is the highest common factor of 4872 and 280?
56
Calculate the greatest common factor of 1536 and 48.
48
What is the highest common divisor of 315 and 147?
21
Calculate the greatest common factor of 561 and 1836.
51
What is the highest common divisor of 460 and 12052?
92
What is the greatest common divisor of 468 and 247?
13
What is the greatest common divisor of 192 and 72?
24
What is the highest common divisor of 75 and 25?
25
Calculate the greatest common divisor of 13271 and 23.
23
What is the greatest common factor of 27 and 432?
27
Calculate the greatest common factor of 96 and 1032.
24
Calculate the highest common factor of 164 and 7298.
82
Calculate the greatest common factor of 713 and 93.
31
Calculate the greatest common divisor of 11080 and 120.
40
Calculate the greatest common factor of 135 and 20.
5
Calculate the greatest common factor of 30 and 1.
1
Calculate the greatest common factor of 1081 and 713.
23
What is the greatest common divisor of 50 and 8050?
50
What is the highest common divisor of 698 and 2?
2
Calculate the greatest common divisor of 256 and 320.
64
Calculate the highest common factor of 94 and 6.
2
Calculate the highest common divisor of 24 and 4840.
8
What is the greatest common factor of 66 and 88?
22
Calculate the highest common divisor of 712 and 267.
89
Calculate the highest common factor of 78 and 2444.
26
What is the greatest common factor of 420 and 1365?
105
Calculate the greatest common divisor of 44 and 836.
44
Calculate the highest common divisor of 319 and 264.
11
Calculate the greatest common factor of 420 and 36.
12
What is the greatest common factor of 25802 and 152?
38
What is the greatest common factor of 6095 and 920?
115
Calculate the highest common factor of 72 and 168.
24
What is the highest common divisor of 544 and 102?
34
Calculate the highest common divisor of 138 and 897.
69
Calculate the highest common divisor of 405 and 25.
5
Calculate the highest common factor of 213 and 3.
3
Calculate the highest common factor of 224 and 1904.
112
Calculate the highest common factor of 192 and 36.
12
Calculate the highest common factor of 763 and 28.
7
What is the highest common divisor of 75 and 285?
15
What is the greatest common divisor of 15588 and 36?
36
What is the highest common factor of 5700 and 2400?
300
Calculate the highest common divisor of 87 and 123.
3
What is the highest common factor of 343 and 7?
7
Calculate the greatest common divisor of 26 and 74.
2
What is the greatest common factor of 10 and 160?
10
What is the greatest common factor of 42 and 98?
14
What is the highest common factor of 44 and 1507?
11
Calculate the highest common divisor of 13680 and 513.
171
Calculate the highest common divisor of 1734 and 51.
51
Calculate the greatest common factor of 76 and 361.
19
Calculate the greatest common divisor of 33 and 341.
11
Calculate the highest common factor of 752 and 47.
47
What is the greatest common factor of 2856 and 1122?
102
Calculate the highest common divisor of 28 and 49.
7
What is the greatest common divisor of 3736 and 8?
8
Calculate the greatest common divisor of 406 and 58.
58
Calculate the highest common factor of 6 and 96.
6
What is the greatest common divisor of 46 and 115?
23
Calculate the greatest common divisor of 188 and 1363.
47
What is the greatest common divisor of 6 and 794?
2
Calculate the highest common divisor of 276 and 1196.
92
What is the greatest common factor of 6723 and 166?
83
What is the highest common factor of 27528 and 24?
24
Calculate the greatest common factor of 154 and 55.
11
Calculate the greatest common factor of 6 and 58.
2
Calculate the highest common factor of 976 and 8.
8
Calculate the greatest common factor of 520 and 3250.
130
What is the greatest common factor of 120 and 510?
30
Calculate the highest common factor of 296 and 8.
8
What is the highest common factor of 28 and 413?
7
Calculate the highest common factor of 414 and 115.
23
What is the highest common divisor of 408 and 51?
51
What is the highest common divisor of 48 and 1464?
24
What is the highest common factor of 621 and 759?
69
Calculate the highest common divisor of 29 and 8903.
29
What is the highest common divisor of 435 and 60?
15
Calculate the greatest common factor of 11773 and 244.
61
What is the greatest common divisor of 48 and 6?
6
What is the greatest common divisor of 69 and 9039?
69
What is the highest common factor of 583 and 11?
11
What is the highest common divisor of 28 and 17500?
28
Calculate the greatest common factor of 72 and 17496.
72
What is the greatest common factor of 55 and 583?
11
What is the highest common factor of 123 and 2829?
123
Calculate the greatest common divisor of 19 and 56867.
19
What is the greatest common divisor of 52 and 1807?
13
Calculate the greatest common factor of 481 and 26.
13
What is the greatest common divisor of 588 and 54?
